prime factors of 0 - 11*(2 + -3).
11
Let d = 6 - 7. Let r(t) = -28*t**3 - t**2. Let f be r(d). Suppose 3*m - f - 21 = 0. List the prime factors of m.
2
Let o(b) = -9*b + 4. Let z be o(-3). Suppose 4*n = 33 + z. List the prime factors of n.
2
Let i(t) = -2*t**3 - 6*t**2 - 2*t + 3. Let u be 2 - (8 + -1 - 1). Let s be i(u). Suppose -s + 3 = -5*w. What are the prime factors of w?
2
Let v(f) be the third derivative of f**4/24 + 5*f**3/3 + f**2. Let g be v(-5). Suppose g*p - 7 = 28. What are the prime factors of p?
7
Suppose 2*p + 1 = 5. Suppose -3*q - 4*r = -25, p*q + 5*r = 7*q + 5. List the prime factors of (2 - q)*(-1 - 5).
2, 3
Let y(i) = 2*i - 5. Let q be y(5). What are the prime factors of 10 + q*8/20?
2, 3
Let h(t) = 2*t**2 + 1 + t + t**3 + 4*t**2 - t**2. Let z be h(-5). List the prime factors of (-5)/(30/z)*3.
2
Suppose -77 = 5*m - 0*m + 2*r, 0 = -2*r - 2. Let y = -10 + m. List the prime factors of 10/y + (-74)/(-10).
7
Let o(s) = 2*s**3 - 9*s**2 + 8*s - 5. Let h(g) = 3*g**3 - 17*g**2 + 16*g - 10. Suppose -q = -2 - 3. Let a(t) = q*o(t) - 3*h(t). List the prime factors of a(-7).
2, 3
Suppose 2*o + 6 = -5*w, w + 0*w + 12 = 5*o. Let b = 48 + o. What are the prime factors of b?
2, 5
Let i(t) = -4*t**3 - 14*t**2 - 14*t + 1. Let f(a) = -7*a**3 - 28*a**2 - 29*a + 2. Let u(s) = 3*f(s) - 5*i(s). List the prime factors of u(-13).
53
Let s = 233 + -44. List the prime factors of s.
3, 7
Let y be 138/(-33) - 2/(-11). List the prime factors of (18/(-4))/(2/y).
3
What are the prime factors of -2 + 1 + -4 + 32?
3
Suppose 3*n - n = 44. Let z = n + -7. List the prime factors of z.
3, 5
Let k(u) = -u**3 + 4*u**2 + 5*u. Let z be k(5). Let t = z - -13. List the prime factors of t.
13
Let n(z) = z**2 - 4*z + 4. Suppose 3*a - 19 = 2*f, -2*a - 2 = 2*f + 2. Suppose -k + a + 1 = 0. What are the prime factors of n(k)?
2
Let r(k) = k**3 + 25*k**2 + 21*k - 29. What are the prime factors of r(-24)?
43
Let m(w) = 9*w + 4. Let a(z) = -63*z - 27. Let l be (-12)/(-3) + -2 - -25. Let t(o) = l*m(o) + 4*a(o). What are the prime factors of t(-1)?
3
Suppose y = 4 - 1. Let u be -3*y/(-12)*-4. Let b = u - -11. List the prime factors of b.
2
Suppose 0*b = -2*b + 3*t + 213, 3*b - 321 = 5*t. What are the prime factors of b?
2, 3, 17
Suppose m - 8 = -3. Let w(s) = -s + 3. Let a be w(-3). Suppose 2*i - a = -o - 3, -m*i + 5 = 5*o. List the prime factors of i.
2
Suppose -12*i = -1316 - 448. List the prime factors of i.
3, 7
Suppose -4*i = 2*v - 46, 3*v - 5*i - 31 + 6 = 0. Suppose w = v + 9. Suppose 0*c = 4*c - w. What are the prime factors of c?
2, 3
Let a(s) = s**3 - 8*s**2 + 5*s - 5. List the prime factors of a(8).
5, 7
Let r = -26 - -100. Suppose 3*o - 37 = r. List the prime factors of o.
37
Let z be 1/((-3)/(-15)) + -2. Suppose b + z = -5*p + 32, p - 31 = -3*b. List the prime factors of b.
3
Suppose 2*g - 3 = 3. What are the prime factors of g?
3
Suppose 5*c = 0, 4*z - 60 = -z + 5*c. Suppose -12 - z = -4*s. List the prime factors of s.
2, 3
Let b = -33 + 125. What are the prime factors of b?
2, 23
Suppose c = -2*m + 110, -43 - 171 = -4*m + c. List the prime factors of m.
2, 3
Let d(h) = -4*h + 2. Let q be d(-3). Let y = -12 + q. List the prime factors of y.
2
Let h(r) be the third derivative of -r**4/24 - r**3/3 + r**2. Let c be (-2)/8 + (-15)/4. List the prime factors of h(c).
2
Suppose 5*u = u - 24. Let j(y) = y**3 + 7*y**2 - 3*y + 3. What are the prime factors of j(u)?
3, 19
Suppose -3*a + x = -16, 4*x = -0*a + 4*a - 24. What are the prime factors of a?
5
Let q(w) be the second derivative of -w**3/2 - 7*w**2/2 + 2*w. Let g = -23 + 17. List the prime factors of q(g).
11
Let o = 0 + 13. Let n = 7 + o. List the prime factors of n.
2, 5
Suppose -3*w + 4*w = 15. List the prime factors of w.
3, 5
What are the prime factors of 6522/42 + 2/(-7)?
5, 31
Suppose -5*n = 2*m - 0*n - 63, 4*m + 2*n - 166 = 0. Suppose y = -a + 5*y - 22, 0 = 5*a - 5*y + 50. What are the prime factors of (m/a)/(6/(-9))?
11
Let b = 78 + 12. List the prime factors of b.
2, 3, 5
Suppose 3*r - 756 = -4*r. List the prime factors of r.
2, 3
Let y = 106 - 72. What are the prime factors of y?
2, 17
Suppose 935 = 3*x - 3*m + 4*m, 0 = -5*x - 2*m + 1559. What are the prime factors of x?
311
Suppose 3 = 8*c - 7*c. List the prime factors of (-13 + -1)*c/(-2).
3, 7
List the prime factors of (-31 + 1)*(-21)/5 + -3.
3, 41
Let f(h) = h**2 + 3*h - 5. Suppose -k + 5 - 1 = 0. Suppose -6*v - 30 = 2*i - v, 4*i = -k*v - 36. What are the prime factors of f(i)?
5
Suppose 3*y + 6 = k, -2*y + 12 = k + y. Suppose 5*p = k + 1. Suppose p*r - 10 = 22. List the prime factors of r.
2
Let m(i) = -25*i - 52. What are the prime factors of m(-11)?
223
Suppose -t + 5*t + 28 = 0. Let a = t - -14. List the prime factors of a.
7
Let t be 3 + 3/(-3)*1. Let d(n) = -n - n**3 + 2*n**3 - n + t*n**2 + 7*n**2. List the prime factors of d(-9).
2, 3
Suppose 0 = -2*g - g - 12. Let d(w) be the third derivative of -w**4/8 + 5*w**3/6 - w**2. What are the prime factors of d(g)?
17
Suppose 0 = -3*j + 4*j. Suppose j = 3*r - r - 54. Suppose 0 = -5*c - r + 2, 5*c + 32 = b. List the prime factors of b.
7
Let j(n) = n**2 + 8*n - 1. Let a be j(-8). Let k be (-2)/a - (0 - 15). Let w = -6 + k. What are the prime factors of w?
11
Let p be 1*(21/3 + 0). Suppose -x = -0*x - p. What are the prime factors of x?
7
Let k(x) = 3*x - 7*x - 3*x**3 + 2*x - 2*x**2 + 4*x**3 + 4. Suppose 2*a + 4 = -5*p, -3 = -3*a - 5*p - 4. List the prime factors of k(a).
7
Let o = -10 - -14. Suppose x = o*x - 21. What are the prime factors of x?
7
Let v = 19 + -13. Suppose 26 = 4*m + 2*z, -3*m = -z - v - 6. Suppose 0 = -m*i + 4*i + 5. What are the prime factors of i?
5
Suppose 8 = -z + 3*z. Suppose -z*y - 5*n = -n - 12, -4*n = 0. What are the prime factors of y?
3
Let c be 14/5 + 7/35. What are the prime factors of 36 + -6*c/(-6)?
3, 13
Let d be (-5 + 1)*(-6 + 5). Suppose 4 = 3*w - 3*z - 5, -4*w - d*z = -52. Suppose 2*q - w = q. List the prime factors of q.
2
Suppose q = -2*a + 19, 0*a + 4*q + 32 = 4*a. What are the prime factors of (a/(-3))/((-6)/116)?
2, 29
Suppose 0*f - 299 = -2*k - 3*f, 608 = 4*k - 4*f. What are the prime factors of k?
151
List the prime factors of (-2 - -10)/(1/11).
2, 11
Let q = 39 + -25. Let t = -4 - 0. List the prime factors of (-1)/(-2) - q/t.
2
Suppose -3*d - 3*d + 60 = 0. List the prime factors of d.
2, 5
Suppose -3*n + 255 = 3*k, -3*k + 0*k = -n - 271. What are the prime factors of k?
89
Suppose -4*h = -48 - 92. Suppose 3*f - 3*q = 42, -5*q + h = 3*f + 1. What are the prime factors of f?
13
Suppose 5 + 3 = k. Suppose 2*r = -2*r - k. List the prime factors of 3 - -8 - (0 - r).
3
Let q(j) = -12*j**2 + j - 9. Let k(z) = -1 - 3*z**2 + z**2 + z**2. Let c(d) = 22*k(d) - 2*q(d). What are the prime factors of c(3)?
2
Let x be (4 + -2)*(-1)/(-2). Let s(p) = -p**2. Let k be s(x). Let z = k + 9. What are the prime factors of z?
2
Let j be 4/(-10) + 22/5. Suppose j*s - 7*s + 12 = 0. List the prime factors of s.
2
Let i(s) = -3*s**3 - 7*s**2 + 3*s - 3. Let o(n) = n**3 + n**2. Let p(f) = i(f) + 2*o(f). Suppose 7*l - 10 = -52. List the prime factors of p(l).
3, 5
Let x(o) = 9*o + 5. List the prime factors of x(2).
23
Let n = -65 + 36. Let i be (-6)/27 - n/9. Suppose 0 = i*p, -2*p - 11 = -5*q + 4. What are the prime factors of q?
3
Let j(u) = -u**2 - 3*u - 2. Let g be j(-6). Let c = -13 - g. List the prime factors of c.
7
Suppose -4*v = j + 99, 14 = 5*v + j + 137. Suppose 4*d - 3*d - x = -17, 12 = 4*x. Let r = d - v. What are the prime factors of r?
2, 5
Suppose -3*b + 15 = 0, 0*l + 5*b = -l + 33. Suppose -18 = l*z - 11*z. List the prime factors of z.
2, 3
Let v = 3 + 18. What are the prime factors of v?
3, 7
Let h = 2 + 1. Suppose 5*y + 1 = -3*s + 8, -h*s - 2*y = -10. List the prime factors of s.
2
Suppose 11*g = 5*g + 186. List the prime factors of g.
31
Let b be (-714)/187 + (-4)/22. Let c(m) be the third derivative of -m**6/120 - m**5/15 - m**4/4 - m**3/2 - m**2. What are the prime factors of c(b)?
3, 7
What are the prime factors of 6/(-4) + (483/6 - 3)?
2, 19
Let g = -2 - -5. Suppose 0*a = g*a - 9. What are the prime factors of a?
3
Suppose -9*x = -326 - 70. What are the prime factors of x?
2, 11
Suppose 0*g + g - 3 = 0. Suppose 4*n = 3*s + 81, 59 = g*n + 3*s - 7*s. What are the prime 